65. What is s(-3)?
112
Let k(z) = z**3 - 373*z**2 + 725*z + 6307. Determine k(371).
0
Let b(z) = 5*z**2 + 193*z - 5113. Give b(0).
-5113
Let c(h) = h**3 - 155*h**2 - 6417*h + 375. Determine c(-34).
69
Let a(g) = 190652*g - 10104569. Determine a(53).
-13
Let h(c) = 6*c**3 + 1194*c**2 + 456*c + 90735. Give h(-199).
-9
Let k(g) = g**3 - 57*g**2 + 288*g - 4055. Determine k(53).
-27
Let j(z) = 6*z**2 - 2420*z + 123606. Give j(60).
6
Let n(y) = 997*y + 186881. Determine n(-188).
-555
Let c(t) = -20*t**2 + 851*t - 2539. What is c(3)?
-166
Let y(b) = b**3 + 27*b**2 - 633*b - 17117. Give y(-26).
17
Let c(v) = -v**3 - 3*v**2 + 964*v + 5628. Give c(-6).
-48
Let k(q) = -4*q**2 - 411*q + 13395. Calculate k(26).
5
Let p(f) = 3*f**3 - 132*f**2 - 169*f + 7424. Give p(44).
-12
Let k(v) = 63795*v - 255182. Give k(4).
-2
Let t(y) = -74*y**2 - 2531*y + 2070. Determine t(-35).
5
Let q(i) = i**2 + 2946*i - 62323. Determine q(21).
-16
Let z(r) = -56813*r + 511255. Calculate z(9).
-62
Let p(n) = -3*n**2 + 1142*n + 22310. What is p(-20)?
-1730
Let q(i) = 3*i**3 - 85*i**2 - 419*i + 15609. What is q(26)?
-17
Let u(n) = 2*n**3 + 215*n**2 - 802*n - 2784. What is u(-111)?
-9
Let p(g) = 2250*g + 13477. Determine p(-6).
-23
Let l(d) = -172898*d - 7607514. Calculate l(-44).
-2
Let f(y) = y**2 - 529*y - 8120. Give f(-15).
40
Let q(x) = x**3 - 41*x**2 - 449*x + 68. Calculate q(-9).
59
Let z(x) = 296*x + 7354. Give z(-20).
1434
Let x(t) = 18179*t + 3104. Give x(0).
3104
Let y(g) = -8*g**2 - 104*g + 69. Determine y(-11).
245
Let w(k) = -15*k**3 - 117*k**2 + 524*k - 11. Calculate w(-11).
33
Let k(q) = -19*q**3 + 3*q**2 - 110*q + 206. What is k(2)?
-154
Let j(b) = 15*b**2 - 4402*b + 2022. What is j(293)?
-29
Let r(m) = -2*m**3 + 1310*m**2 + 5254*m + 11866. Give r(659).
4
Let k(f) = -8*f**2 - 135*f + 4140. Calculate k(16).
-68
Let h(s) = 2*s**3 - 311*s**2 - 798*s - 340. Give h(-2).
-4
Let z(w) = 63*w**2 - 6864*w - 294. Determine z(109).
33
Let m(k) = 4*k**3 - 90*k**2 - 18428*k + 2168. What is m(80)?
-72
Let y(n) = 12*n**2 + 2543*n - 3213. Calculate y(-213).
-444
Let b(l) = 2*l**3 + 41*l**2 - 8*l - 600. Calculate b(-20).
-40
Let v(p) = -13*p - 19. Calculate v(28).
-383
Let a(z) = -686*z - 5507. Calculate a(-8).
-19
Let q(a) = -2*a**3 - 48*a**2 + 40*a - 98. Determine q(-25).
152
Let c(y) = 75567*y - 1889169. Determine c(25).
6
Let g(j) = -2*j**3 - 24*j**2 + 39*j - 49. Determine g(-11).
-720
Let f(t) = -26*t**2 + 5408*t + 5439. Determine f(209).
5
Let a(c) = -7*c**3 - 24*c**2 - 58*c - 162. Determine a(-4).
134
Let a(v) = -20*v**2 - 263*v + 16623. Give a(23).
-6
Let c(x) = 39037*x + 2576443. Calculate c(-66).
1
Let g(h) = 5*h**3 - 241*h**2 + 887*h - 14. Calculate g(4).
-2
Let d(o) = -24*o**2 + 189*o - 24. Give d(0).
-24
Let z(f) = -250*f**2 - 146733*f + 9980. What is z(-587)?
1
Let m(u) = -u**3 + 42*u**2 + 820*u + 110. Determine m(-15).
635
Let p(m) = m**2 + 866*m - 58525. Give p(63).
2
Let s(z) = 2*z**3 - 135*z**2 + 265*z - 13281. Determine s(67).
-15
Let n(x) = 496*x**2 + 18355*x + 100. Give n(-37).
-11
Let o(d) = -d**2 + 48*d + 100531. Calculate o(-294).
-17
Let x(n) = -n**2 + 311*n - 21595. Determine x(204).
233
Let l(m) = 2*m**3 - 163*m**2 + 55*m + 2050. Determine l(81).
-56
Let d(q) = -q**3 - 641*q**2 - 1275*q + 2. Determine d(-2).
-4
Let k(a) = -4*a**3 + 27*a**2 + 30*a - 991. What is k(-5)?
34
Let h(z) = -z**3 + 483*z**2 - 37440*z - 780. Determine h(386).
-8
Let j(l) = 847*l + 226582. Determine j(-267).
433
Let d(o) = 2*o**3 + 102*o**2 - 209*o + 218. Calculate d(-53).
59
Let r(y) = -y**3 + 71*y**2 - 317*y - 842. Calculate r(66).
16
Let t(l) = 5670*l - 22670. Give t(4).
10
Let k(p) = 140*p**2 - 2828*p + 9. Give k(0).
9
Let n(s) = -9*s**2 + 2357*s + 29584. Determine n(-12).
4
Let z(k) = -k**3 - 38*k**2 - 350*k + 35. Give z(-18).
-145
Let u(q) = 2680*q - 29486. Give u(11).
-6
Let b(v) = -1040*v**2 + 4786*v + 2076. Give b(5).
6
Let l(p) = 849*p**2 - 5171*p + 100. What is l(6)?
-362
Let b(x) = -3*x - 2205. Give b(-94).
-1923
Let i(k) = -532*k**2 + 912905*k + 12016. Determine i(1716).
4
Let k(j) = -9947*j + 39781. Give k(4).
-7
Let i(w) = 66*w**2 - 662*w + 3338. Give i(5).
1678
Let o(w) = -w**3 - 41*w**2 + 22*w + 3743. Calculate o(-39).
-157
Let z(p) = p**3 - 12*p**2 - 29690*p + 237732. Determine z(8).
-44
Let a(f) = 12*f**2 + 198*f - 5125. Determine a(14).
-1
Let k(i) = -i**3 + 13*i**2 + 100*i - 1194. Calculate k(13).
106
Let c(t) = -63*t**3 - 5*t**2 + 61*t - 104. Calculate c(2).
-506
Let o(n) = -n**3 + 1006*n**2 + 39688*n + 601. Calculate o(-38).
-7
Let i(s) = 14*s**2 + 281*s + 1026. Give i(-15).
-39
Let o(b) = 43856*b - 87493. Determine o(2).
219
Let f(l) = 62*l + 1152. Give f(-9).
594
Let s(k) = 2*k**3 + 477*k**2 + 2545*k - 4175. Give s(-233).
19
Let x(z) = z**3 - 16*z**2 - 25*z + 61. What is x(16)?
-339
Let b(a) = 14537*a + 101760. Give b(-7).
1
Let q(s) = 47*s**2 - 40605*s - 84030. Calculate q(866).
-28
Let h(y) = -552*y + 27662. Calculate h(52).
-1042
Let m(i) = -458*i - 17140. Calculate m(-41).
1638
Let w(j) = j**3 - 11*j**2 - 13*j - 163. Calculate w(13).
6
Let r(j) = 4627*j - 32421. Calculate r(7).
-32
Let t(u) = 7729*u**2 - 100464*u - 151. Calculate t(13).
18
Let h(b) = -3*b**3 + 69*b**2 + 455*b + 193. Calculate h(-5).
18
Let v(w) = -2*w**3 - 172*w**2 + 349*w - 413. What is v(-88)?
-149
Let q(j) = 3595*j + 607550. Give q(-169).
-5
Let t(y) = -139750*y + 5869505. Give t(42).
5
Let l(t) = t**3 - 22*t**2 - 190*t - 267. What is l(26)?
-2503
Let k(f) = -f**2 + 67*f + 81. Determine k(48).
993
Let h(w) = 8*w**2 + 906*w - 325049. Calculate h(-266).
3
Let y(s) = -16*s**2 - 2728*s + 22377. Determine y(8).
-471
Let o(s) = 7789*s + 1129414. Determine o(-145).
9
Let v(m) = -531*m - 16568. Determine v(-31).
-107
Let t(x) = 4788*x + 33509. What is t(-7)?
-7
Let y(x) = -3*x**3 - 66*x**2 - 350*x - 2405. What is y(-18)?
7
Let h(j) = j**2 - 145*j + 2014. Calculate h(131).
180
Let p(q) = 1677*q**2 + 33558*q + 352. Give p(-20).
-8
Let q(w) = -3*w**2 + 165*w + 489. What is q(55)?
489
Let p(t) = 4111*t + 16355. What is p(-4)?
-89
Let z(m) = -172459*m - 2069498. Calculate z(-12).
10
Let t(o) = 1225*o - 16454. Determine t(13).
-529
Let v(h) = 272*h + 7589. Determine v(-28).
-27
Let f(x) = 7*x**2 + 4608*x - 18524. Calculate f(4).
20
Let n(p) = 10*p**3 + 4524*p**2 - 4537*p + 5. Calculate n(1).
2
Let a(o) = -o**2 + 48*o + 2031. Calculate a(70).
491
Let r(n) = 98*n**2 - 1848*n + 5545. Give r(3).
883
Let w(a) = 21*a**2 - 672*a - 6091. What is w(-9)?
1658
Let v(y) = -149*y**2 - 26*y + 43. Give v(2).
-605
Let a(d) = -30*d**3 - 4181*d**2 - 1504*d + 3475. Give a(-139).
0
Let s(y) = -24*y**2 + 646*y - 1082. Calculate s(24).
598
Let m(s) = -1886*s + 7434. Give m(4).
-110
Let k(i) = 2*i**3 - 16*i**2 - 362*i + 1999. What is k(5)?
39
Let x(s) = -s**3 + 76*s**2 - 222*s + 84. What is x(73)?
-135
Let o(x) = -1043*x + 47790. What is o(46)?
-188
Let w(b) = 2*b**3 + 3*b**2 - b - 206. Give w(-7).
-738
Let s(z) = 2049*z - 1194. Give s(0).
-1194
Let c(q) = -8*q**3 - 970*q**2 - 123*q + 14390. What is c(-121)?
-9
Let l(v) = -2*v**2 + 455*v + 3738. What is l(-8)?
-30
Let k(z) = -5*z**3 + 20*z - 22. Determine k(1).
-7
Let k(q) = -q**2 - 2086*q + 52700. What is k(25)?
-75
Let m(b) = 1154*b**3 - 4618*b**2 + 3*b - 16. Calculate m(4).
-36
Let i(j) = -2*j**2 - 9958*j - 29866. Give i(-3).
-10
Let h(o) = o**3 - 389*o**2 + 116*o - 45114. What is h(389)?
10
Let u(g) = -3*g**3 - 312*g**2 + 982*g + 12. Give u(-107).
-2021
Let i(q) = 7*q**2 + 4045*q - 44797. Determine i(11).
545
Let o(t) = -91*t**2 - 2945*t + 14756. What is o(5)?
-2244
Let p(y) = 99*y**2 + 95832*y - 11. Give p(-968).
-11
Let s(y) = 10*y**3 - 65*y**2 + 41*y. Determine s(6).
66
Let w(n) = 27*n**3 + 1971*n**2 - 37*n - 2775. Give w(-73).
-74
Let q(n) = -56*n**3 + 12*n**2 - 378*n + 366. Determine q(1).
-56
Let t(f) = -25*f**2 + 744*f + 180. Determine t(30).
0
Let q(d) = -40*d + 2584. What is q(40)?
984
Let j(r) = 684*r**3 - 13*r**2 + 15*r - 9. Determine j(1).
677
Let o(j) = 160*j - 16870. Determine o(106).
90
Let u(b) = 19*b**3 - 441*b**2 + 99*b - 196. Give u(23).
-35
Let x(w) = 8*w**2 - 901*w + 53. Determine x(112).
-507
Let c(i) = 18*i**3 - 9*i**2 - 18*i - 11. What is c(-1)?
-20
Let u(h) = 3*h**3 + 207*h**2 + 933*h - 1718. Calculate u(-64).
10
Let j(t) = 2432*t + 95328.